{"id":95,"date":"2026-03-05T15:27:57","date_gmt":"2026-03-05T14:27:57","guid":{"rendered":"https:\/\/heddalab.com\/?page_id=95"},"modified":"2026-03-05T15:47:22","modified_gmt":"2026-03-05T14:47:22","slug":"divers","status":"publish","type":"page","link":"https:\/\/heddalab.com\/?page_id=95","title":{"rendered":"Divers"},"content":{"rendered":"\n<div class=\"wp-block-query is-layout-flow wp-block-query-is-layout-flow\"><ul class=\"wp-block-post-template is-layout-flow wp-block-post-template-is-layout-flow\"><li class=\"wp-block-post post-169 post type-post status-publish format-standard has-post-thumbnail hentry category-non-classe\">\n\n<div class=\"wp-block-columns are-vertically-aligned-center is-layout-flex wp-container-core-columns-is-layout-28f84493 wp-block-columns-is-layout-flex\">\n<div class=\"wp-block-column is-vertically-aligned-center is-layout-flow wp-block-column-is-layout-flow\" style=\"flex-basis:25%\"><figure style=\"aspect-ratio:9\/16;\" class=\"wp-block-post-featured-image\"><a href=\"https:\/\/heddalab.com\/?p=169\" target=\"_self\"  ><img loading=\"lazy\" decoding=\"async\" width=\"1170\" height=\"516\" src=\"https:\/\/heddalab.com\/wp-content\/uploads\/2025\/07\/Capture-decran-2026-03-06-143111-1170x516.png\" class=\"attachment-post-thumbnail size-post-thumbnail wp-post-image\" alt=\"Echapper \u00e0 l&rsquo;hydre : Chronique d&rsquo;un colmatage partiel et assum\u00e9\" style=\"width:100%;height:100%;object-fit:cover;\" srcset=\"https:\/\/heddalab.com\/wp-content\/uploads\/2025\/07\/Capture-decran-2026-03-06-143111-1170x516.png 1170w, https:\/\/heddalab.com\/wp-content\/uploads\/2025\/07\/Capture-decran-2026-03-06-143111-300x132.png 300w, https:\/\/heddalab.com\/wp-content\/uploads\/2025\/07\/Capture-decran-2026-03-06-143111-1024x451.png 1024w, https:\/\/heddalab.com\/wp-content\/uploads\/2025\/07\/Capture-decran-2026-03-06-143111-768x339.png 768w, https:\/\/heddalab.com\/wp-content\/uploads\/2025\/07\/Capture-decran-2026-03-06-143111.png 1284w\" sizes=\"auto, (max-width: 1170px) 100vw, 1170px\" \/><\/a><\/figure><\/div>\n\n\n\n<div class=\"wp-block-column is-vertically-aligned-center is-layout-flow wp-block-column-is-layout-flow\" style=\"flex-basis:75%\"><h2 class=\"wp-block-post-title\"><a href=\"https:\/\/heddalab.com\/?p=169\" target=\"_self\" >Echapper \u00e0 l&rsquo;hydre : Chronique d&rsquo;un colmatage partiel et assum\u00e9<\/a><\/h2>\n\n<div class=\"wp-block-post-date\"><time datetime=\"2025-07-23T14:17:00+02:00\">23 juillet 2025<\/time><\/div>\n\n<div class=\"wp-block-post-excerpt\"><p class=\"wp-block-post-excerpt__excerpt\">L\u2019illusion du \u00ab je savais d\u00e9j\u00e0 \u00bb Je savais d\u00e9j\u00e0. Je savais que nos donn\u00e9es \u00e9taient siphonn\u00e9es, que les GAFAM construisaient des profils \u00e0 partir de nos vies num\u00e9riques, que chaque clic nourrissait un algo. Mais je faisais avec. Parce que c\u2019\u00e9tait pratique. Parce que c\u2019\u00e9tait l\u00e0. Ce que je\u2026 <\/p><\/div><\/div>\n<\/div>\n\n<\/li><li class=\"wp-block-post post-103 post type-post status-publish format-standard has-post-thumbnail hentry category-archive\">\n\n<div class=\"wp-block-columns are-vertically-aligned-center is-layout-flex wp-container-core-columns-is-layout-28f84493 wp-block-columns-is-layout-flex\">\n<div class=\"wp-block-column is-vertically-aligned-center is-layout-flow wp-block-column-is-layout-flow\" style=\"flex-basis:25%\"><figure style=\"aspect-ratio:9\/16;\" class=\"wp-block-post-featured-image\"><a href=\"https:\/\/heddalab.com\/?p=103\" target=\"_self\"  ><img loading=\"lazy\" decoding=\"async\" width=\"1170\" height=\"647\" src=\"https:\/\/heddalab.com\/wp-content\/uploads\/2026\/03\/Capture-decran-2026-03-06-130054-1170x647.png\" class=\"attachment-post-thumbnail size-post-thumbnail wp-post-image\" alt=\"Et si Riddick marchait sur les cendres de Dune ?\" style=\"width:100%;height:100%;object-fit:cover;\" srcset=\"https:\/\/heddalab.com\/wp-content\/uploads\/2026\/03\/Capture-decran-2026-03-06-130054-1170x647.png 1170w, https:\/\/heddalab.com\/wp-content\/uploads\/2026\/03\/Capture-decran-2026-03-06-130054-300x166.png 300w, https:\/\/heddalab.com\/wp-content\/uploads\/2026\/03\/Capture-decran-2026-03-06-130054-1024x566.png 1024w, https:\/\/heddalab.com\/wp-content\/uploads\/2026\/03\/Capture-decran-2026-03-06-130054-768x425.png 768w, https:\/\/heddalab.com\/wp-content\/uploads\/2026\/03\/Capture-decran-2026-03-06-130054.png 1217w\" sizes=\"auto, (max-width: 1170px) 100vw, 1170px\" \/><\/a><\/figure><\/div>\n\n\n\n<div class=\"wp-block-column is-vertically-aligned-center is-layout-flow wp-block-column-is-layout-flow\" style=\"flex-basis:75%\"><h2 class=\"wp-block-post-title\"><a href=\"https:\/\/heddalab.com\/?p=103\" target=\"_self\" >Et si Riddick marchait sur les cendres de Dune ?<\/a><\/h2>\n\n<div class=\"wp-block-post-date\"><time datetime=\"2025-07-13T15:32:01+02:00\">13 juillet 2025<\/time><\/div>\n\n<div class=\"wp-block-post-excerpt\"><p class=\"wp-block-post-excerpt__excerpt\">Pitch Black, 2000. Un film qui sent le gasoil, la sueur, et le sable chaud. \u00c0 premi\u00e8re vue, un survival SF honn\u00eate avec un Vin Diesel en mode animal nocturne et des filtres de couleur \u00e0 faire p\u00e2lir un Instagrammeur. Mais en y regardant de plus pr\u00e8s\u2026 et si ce\u2026 <\/p><\/div><\/div>\n<\/div>\n\n<\/li><\/ul><\/div>\n\n\n\n<p><\/p>\n","protected":false},"excerpt":{"rendered":"","protected":false},"author":1,"featured_media":0,"parent":0,"menu_order":0,"comment_status":"closed","ping_status":"closed","template":"","meta":{"_acf_changed":false,"footnotes":""},"class_list":["post-95","page","type-page","status-publish","hentry"],"acf":[],"_links":{"self":[{"href":"https:\/\/heddalab.com\/index.php?rest_route=\/wp\/v2\/pages\/95","targetHints":{"allow":["GET"]}}],"collection":[{"href":"https:\/\/heddalab.com\/index.php?rest_route=\/wp\/v2\/pages"}],"about":[{"href":"https:\/\/heddalab.com\/index.php?rest_route=\/wp\/v2\/types\/page"}],"author":[{"embeddable":true,"href":"https:\/\/heddalab.com\/index.php?rest_route=\/wp\/v2\/users\/1"}],"replies":[{"embeddable":true,"href":"https:\/\/heddalab.com\/index.php?rest_route=%2Fwp%2Fv2%2Fcomments&post=95"}],"version-history":[{"count":4,"href":"https:\/\/heddalab.com\/index.php?rest_route=\/wp\/v2\/pages\/95\/revisions"}],"predecessor-version":[{"id":124,"href":"https:\/\/heddalab.com\/index.php?rest_route=\/wp\/v2\/pages\/95\/revisions\/124"}],"wp:attachment":[{"href":"https:\/\/heddalab.com\/index.php?rest_route=%2Fwp%2Fv2%2Fmedia&parent=95"}],"curies":[{"name":"wp","href":"https:\/\/api.w.org\/{rel}","templated":true}]}}