{"id":58,"date":"2026-03-05T10:43:54","date_gmt":"2026-03-05T09:43:54","guid":{"rendered":"https:\/\/heddalab.com\/?page_id=58"},"modified":"2026-03-05T11:41:32","modified_gmt":"2026-03-05T10:41:32","slug":"projets","status":"publish","type":"page","link":"https:\/\/heddalab.com\/?page_id=58","title":{"rendered":"Projets"},"content":{"rendered":"\n<div class=\"wp-block-query is-layout-flow wp-block-query-is-layout-flow\"><ul class=\"wp-block-post-template is-layout-grid wp-container-core-post-template-is-layout-bd72bfdb wp-block-post-template-is-layout-grid\"><li class=\"wp-block-post post-70 projets type-projets status-publish has-post-thumbnail hentry\">\n\n<div class=\"wp-block-group is-layout-grid wp-container-core-group-is-layout-672006ee wp-block-group-is-layout-grid\" style=\"padding-top:30px;padding-right:30px;padding-bottom:30px;padding-left:30px\"><figure style=\"aspect-ratio:16\/9;\" class=\"wp-block-post-featured-image\"><img loading=\"lazy\" decoding=\"async\" width=\"1024\" height=\"500\" src=\"https:\/\/heddalab.com\/wp-content\/uploads\/2026\/03\/LeekQuest.png\" class=\"attachment-post-thumbnail size-post-thumbnail wp-post-image\" alt=\"\" style=\"width:100%;height:100%;object-fit:cover;\" srcset=\"https:\/\/heddalab.com\/wp-content\/uploads\/2026\/03\/LeekQuest.png 1024w, https:\/\/heddalab.com\/wp-content\/uploads\/2026\/03\/LeekQuest-300x146.png 300w, https:\/\/heddalab.com\/wp-content\/uploads\/2026\/03\/LeekQuest-768x375.png 768w\" sizes=\"auto, (max-width: 1024px) 100vw, 1024px\" \/><\/figure>\n\n<h2 class=\"has-text-align-center wp-block-post-title wp-container-content-52e3cc37\"><a href=\"https:\/\/heddalab.com\/?projets=leekquest\" target=\"_self\" >LeekQuest : L&rsquo;Odyss\u00e9e du Poireau<\/a><\/h2>\n\n<div class=\"wp-block-post-excerpt wp-container-content-52e3cc37\"><p class=\"wp-block-post-excerpt__excerpt\">LeekQuest n\u2019est pas un simple utilitaire : c\u2019est une \u00e9pop\u00e9e num\u00e9rique. Con\u00e7ue au sein du HeddaLab, cette application Android r\u00e9pond\u2026 <\/p><\/div><\/div>\n\n<\/li><li class=\"wp-block-post post-80 projets type-projets status-publish has-post-thumbnail hentry\">\n\n<div class=\"wp-block-group is-layout-grid wp-container-core-group-is-layout-672006ee wp-block-group-is-layout-grid\" style=\"padding-top:30px;padding-right:30px;padding-bottom:30px;padding-left:30px\"><figure style=\"aspect-ratio:16\/9;\" class=\"wp-block-post-featured-image\"><img loading=\"lazy\" decoding=\"async\" width=\"396\" height=\"163\" src=\"https:\/\/heddalab.com\/wp-content\/uploads\/2026\/03\/Capture-decran-2026-03-05-113306.png\" class=\"attachment-post-thumbnail size-post-thumbnail wp-post-image\" alt=\"\" style=\"width:100%;height:100%;object-fit:cover;\" srcset=\"https:\/\/heddalab.com\/wp-content\/uploads\/2026\/03\/Capture-decran-2026-03-05-113306.png 396w, https:\/\/heddalab.com\/wp-content\/uploads\/2026\/03\/Capture-decran-2026-03-05-113306-300x123.png 300w\" sizes=\"auto, (max-width: 396px) 100vw, 396px\" \/><\/figure>\n\n<h2 class=\"has-text-align-center wp-block-post-title wp-container-content-52e3cc37\"><a href=\"https:\/\/heddalab.com\/?projets=agx\" target=\"_self\" >AGX : Automatiser le d\u00e9veloppement des n\u00e9gatifs argentiques<\/a><\/h2>\n\n<div class=\"wp-block-post-excerpt wp-container-content-52e3cc37\"><p class=\"wp-block-post-excerpt__excerpt\">Si vous pratiquez la photographie argentique, vous connaissez le dilemme : payer une fortune pour des scans de labo souvent\u2026 <\/p><\/div><\/div>\n\n<\/li><\/ul><\/div>\n\n\n\n<p><\/p>\n","protected":false},"excerpt":{"rendered":"","protected":false},"author":1,"featured_media":0,"parent":0,"menu_order":0,"comment_status":"closed","ping_status":"closed","template":"page-container-wide","meta":{"_acf_changed":false,"footnotes":""},"class_list":["post-58","page","type-page","status-publish","hentry"],"acf":[],"_links":{"self":[{"href":"https:\/\/heddalab.com\/index.php?rest_route=\/wp\/v2\/pages\/58","targetHints":{"allow":["GET"]}}],"collection":[{"href":"https:\/\/heddalab.com\/index.php?rest_route=\/wp\/v2\/pages"}],"about":[{"href":"https:\/\/heddalab.com\/index.php?rest_route=\/wp\/v2\/types\/page"}],"author":[{"embeddable":true,"href":"https:\/\/heddalab.com\/index.php?rest_route=\/wp\/v2\/users\/1"}],"replies":[{"embeddable":true,"href":"https:\/\/heddalab.com\/index.php?rest_route=%2Fwp%2Fv2%2Fcomments&post=58"}],"version-history":[{"count":16,"href":"https:\/\/heddalab.com\/index.php?rest_route=\/wp\/v2\/pages\/58\/revisions"}],"predecessor-version":[{"id":87,"href":"https:\/\/heddalab.com\/index.php?rest_route=\/wp\/v2\/pages\/58\/revisions\/87"}],"wp:attachment":[{"href":"https:\/\/heddalab.com\/index.php?rest_route=%2Fwp%2Fv2%2Fmedia&parent=58"}],"curies":[{"name":"wp","href":"https:\/\/api.w.org\/{rel}","templated":true}]}}